y be g/6 - 22/(-4). Suppose 0 = -5*o + y*d - 6 + 1, -3*o - 35 = 5*d. Determine r(o).
-2
Let w(f) = -3 + 5 - 2*f - 2*f**2 + 20*f**3 - 6 + 3. What is w(-1)?
-21
Let z(h) = 3*h**2 - 32*h + 4. Let n(b) = b**2 - 11*b + 1. Let k(s) = 8*n(s) - 3*z(s). Determine k(6).
8
Suppose 3*f + 2*f = 10. Let m(i) = i**2 - 2*i + 2 - 3 + i**2 - 3*i**f. Suppose 3*a = -u - 5, -4*a + 3*u = 6*u. Give m(a).
-4
Let l(u) = u**3 + 9*u**2 + 2*u + 5. Let y(w) = w**2 - w + 1. Let s(p) = l(p) - 4*y(p). Determine s(-4).
-7
Let w be 2*(-15)/(-6) - 1. Suppose -2*v + 0*q = w*q, v - q = -6. Let a(f) = 7*f + 4 + 5 - 3 + 0 + 2*f**2. Calculate a(v).
10
Let o(h) be the first derivative of -h**2 - 8. What is o(1)?
-2
Let m be (-21)/14 + 26/4. Let g(v) = -v + 8. Give g(m).
3
Let v(o) = -3*o**2 - 78*o + 79*o - 5*o**2. Give v(1).
-7
Let g(f) = -4*f**2 - 9*f - 7. Let x(v) = -9*v**2 - 19*v - 14. Let h(n) = -7*g(n) + 3*x(n). Calculate h(-5).
2
Let t = -60 + 88. Let o(g) = 4*g - 28 + t - 3*g. Give o(4).
4
Let t(q) = q**2 - 3*q - 4. Let d be 21/6 - 1*2/(-4). What is t(d)?
0
Suppose 4 = -3*o + 2*n - 10, -3*n - 5 = 2*o. Let t(z) = 10*z + 25. Let r(c) = -2*c - 5. Let v(a) = -11*r(a) - 2*t(a). Determine v(o).
-3
Let w(b) = -b - 2. Suppose -3*f + 13 = -2. Give w(f).
-7
Let r(z) be the second derivative of -z**4/12 - z**3/3 + 3*z**2/2 - 31*z. What is r(4)?
-21
Let o(c) = 5*c - 7. Let f(t) = -t. Let z(y) = 6*f(y) + o(y). Let m = -5 - -5. Calculate z(m).
-7
Let u(z) be the second derivative of 1/2*z**3 - 3*z + 0 + z**2 + 1/12*z**4. Calculate u(-3).
2
Let m(j) = -j. Let i be m(-5). Let b = i + -6. Let l(u) = 2*u + 4 - 3 + u. What is l(b)?
-2
Let r(j) = -j. Let q be 11/11 + (-16)/2. Give r(q).
7
Suppose -4*v + 5*g - 3*g = 12, -3*v = -3*g + 6. Let i(o) = 2*o - 1. Let u(j) = -5*j + 4. Let t(c) = 8*i(c) + 3*u(c). What is t(v)?
0
Let x(j) be the second derivative of j**5/120 - j**4/6 - j**3/6 - 3*j. Let b(z) be the second derivative of x(z). Calculate b(5).
1
Let x(t) be the second derivative of t**8/6720 - t**7/504 - t**6/720 + t**5/40 + t**4/3 + 5*t. Let k(u) be the third derivative of x(u). Calculate k(5).
-2
Let h(q) = q**3 - 5. Suppose 0 = x + 5*n - 10, -3*n = 4*x - n - 4. What is h(x)?
-5
Suppose o + 1 + 5 = 0. Let v(c) be the first derivative of c**4/4 + 7*c**3/3 + 5*c**2/2 - 7*c - 12. Calculate v(o).
-1
Let w(i) be the first derivative of -2 + 0*i**2 + 2/3*i**3 - 1/60*i**5 + 0*i + 0*i**4 - 1/180*i**6. Let y(x) be the third derivative of w(x). What is y(-2)?
-4
Suppose -2 = 6*j - 14. Let r(w) be the second derivative of 1/2*w**3 + 1/12*w**4 - 3*w + 0 - 2*w**j. What is r(-4)?
0
Suppose 3*v = -2*y - 9, y = -2*v + 3*y + 4. Let g(b) = b**3 + 7*b**2 - 9*b - 12. Let d be g(-8). Let h = v + d. Let j(n) = n + 5. Give j(h).
0
Suppose -5*t - 32 = -3*c - 4, -3*c + 13 = -2*t. Let k(w) = -w**2 - 6*w + 2. Give k(t).
7
Let n(l) be the first derivative of 6*l**2 - 15*l**2 + 10*l**2 - 2 + 8*l. What is n(-6)?
-4
Let f(o) = o - 3*o + 1 - 2 + 3*o**2 - o**2. Let l(b) = -b - 2 - 6 + 3. Let c be l(-4). Determine f(c).
3
Let a(f) = -3*f**3 + 3*f**2 + 3. Let j(x) = 8*x**3 - 8*x**2 - 8. Let g(o) = 11*a(o) + 4*j(o). Calculate g(0).
1
Let w(x) be the first derivative of -x**2 - 3. Determine w(1).
-2
Let g = -14 - -10. Let s(k) = 5. Let q(a) = a - 10. Let p(b) = -3*q(b) - 7*s(b). Give p(g).
7
Let m(r) be the second derivative of -r**6/360 - r**5/24 - r**4/6 + r**3/3 + 2*r. Let n(c) be the second derivative of m(c). What is n(-4)?
0
Suppose 0*f - 9 = 3*f. Let i(y) = -4*y + 10. Let z(k) = 3*k - 9. Let b(v) = f*z(v) - 2*i(v). What is b(4)?
3
Let q be -2 + (1 - (-3 - 1)). Let y(d) = 2 - 3*d + 0 + d**2 + 2. Determine y(q).
4
Let u(s) = -23*s + 44*s - 20*s - 1. Calculate u(5).
4
Let u(r) = -13*r**2 + 40*r - 49. Let t(k) = 3*k**2 - 10*k + 12. Let i(n) = 9*t(n) + 2*u(n). What is i(9)?
1
Let m(h) = h - 5. Suppose 2*a - 3*a = -3*a. Calculate m(a).
-5
Let b(o) = 15*o - 4*o - 6*o. Determine b(-1).
-5
Suppose 0 = -0*z + 4*z. Suppose 4 = 3*l + h, 3*l + z*h - 5 = -2*h. Let q(n) = -2*n + 1. Determine q(l).
-1
Let u(w) = 5*w**3 + w**2 - 3*w + 5. Let i(t) = 4*t**3 + 2*t**2 - 2*t + 4. Let b(n) = -4*i(n) + 3*u(n). Determine b(-4).
-13
Let t(v) = -2*v**3 - 3*v**2 + 2. Let s be t(-2). Let i = s - 3. Let m(d) = 0*d**2 + 2*d**3 - 2*d**2 - 4*d**i. Determine m(-2).
8
Suppose -2 = x - 0*x. Let w(i) = 3*i**2 + 7 + 4*i**2 + 2 - 2 + 7*i. Let f(y) = 13*y**2 + 13*y + 13. Let h(z) = -6*f(z) + 11*w(z). What is h(x)?
-3
Let v(a) = -5*a - a**3 + 0*a + 5*a**2 + 0*a. Let p = 14 + -8. Let k(l) = -l**2 + 8*l - 8. Let u be k(p). Give v(u).
-4
Let a = -74 - -67. Let i(p) = p**2 + 6*p - 6. Calculate i(a).
1
Let o(q) be the second derivative of q**5/10 - q**4/12 - q**3/6 - q**2/2 + q. Let t(b) be the first derivative of o(b). Let h be 2/(-3) + (-1)/3. Give t(h).
7
Let v(c) = c**3 + 12*c**2 + 6*c - 53. Let i be v(-11). Let r(q) be the first derivative of -q**4/4 + 2*q**3/3 + q**2 - 2*q + 1. Give r(i).
2
Suppose -4*g - 24 = 5*r, 4*r + 2*g - 2 = 5*r. Let h(y) = -y**3 - 4*y**2 - 4*y - 2. Give h(r).
14
Suppose 3*o + 4*b = 29, -4*o - 3 = 3*b - 6*b. Let s(h) be the first derivative of -h**2/2 - h - 1. Calculate s(o).
-4
Let z(b) be the third derivative of b**5/60 + 3*b**4/8 - b**3/2 + 3*b**2. Let r(h) = 0 + h + 0. Let f(m) = -5*r(m) + z(m). Calculate f(-5).
2
Suppose s + 4*s - 19 = -2*v, 13 = 2*s - v. Let f(w) = -w**2 - 2*w - 4*w + 5*w + s. Suppose 2*x - 3*t + 7 - 1 = 0, -2*x - t = -2. Determine f(x).
5
Let p(q) = 2*q**2 + 9*q + 8. Let u(l) = 5*l**2 + 19*l + 17. Let w(t) = 9*p(t) - 4*u(t). Let m be 2 + -1 - (-6 + 3). What is w(m)?
-8
Let x(h) be the third derivative of h**5/40 - 5*h**4/24 + 2*h**3/3 + 3*h**2. Let o(t) be the first derivative of x(t). Give o(4).
7
Let x(n) = -6*n. Suppose -2*d + 1 = -d. Give x(d).
-6
Let p = 11 - 4. Suppose -3*r = -p*r. Let g(j) = 6*j**2 + 8*j**2 - 10 - j - 15*j**2. What is g(r)?
-10
Let x(s) = 6 + 0*s**2 - s - 3*s**3 + 4*s**2 - 5 + 4*s**3. Give x(-4).
5
Let f = 10 - 2. Let u(p) be the first derivative of p**3/3 - 4*p**2 + 5*p - 1. Let i be u(f). Let g(j) = -j**3 + 5*j**2 + 1. Determine g(i).
1
Let c(v) = v**2 + 9*v + 8. Let w = -114 - -107. Calculate c(w).
-6
Let z(o) = -o**2 + 10*o - 12. Let a = -124 + 132. Calculate z(a).
4
Let z(p) = p**3 + 8*p**2 - 2*p - 11. Let c(h) = h**3 - 7*h**2 + 7*h - 14. Let j be c(6). Calculate z(j).
5
Let s be (-4 - 2)/((-8)/4). Suppose s*u = 3 - 9. Let v(c) = 4*c + 13. Let n(y) = -y - 3. Let a(r) = 26*n(r) + 6*v(r). Determine a(u).
4
Let x(t) be the first derivative of t**4/12 - t**2/2 - 5*t - 5. Let s(r) be the first derivative of x(r). Determine s(3).
8
Suppose 2*k + a - 40 = -2*k, 0 = 3*a. Let b(u) = -u**2 + 10 - k - u. Give b(-1).
0
Suppose -2*j - 5*f = -0*f - 11, 0 = j - 3*f. Let w be -1 + (j/(-1) - 1). Let c(y) = y - 2. Determine c(w).
-7
Let k(y) = y**3 - 7*y**2 + 6*y + 1. Let c(a) = -a**3 + 6*a**2 - 5*a - 2. Let w(f) = 2*c(f) + 3*k(f). Determine w(8).
-1
Let o(v) be the second derivative of v**3/6 - v**2 + 11*v. Give o(0).
-2
Let s(o) = -2 - 7 + 3 + 2 + o**2. What is s(3)?
5
Let v(d) be the third derivative of d**7/840 + d**6/60 + 5*d**4/24 + d**3/2 + d**2. Let i(y) be the first derivative of v(y). Determine i(-6).
5
Suppose -2*p + 96 = 5*k, 8*p = 4*k + 3*p - 57. Let n(q) = 4*q - 2 - 8*q**2 + 27*q**2 - k*q**2. Determine n(-4).
-2
Let l(n) be the first derivative of n**3/2 - n**2/2 - 7*n + 7. Let z(r) be the first derivative of l(r). Suppose -3*k = 1 + 2. Give z(k).
-4
Let u be ((-6)/(-4))/(6/8). Suppose p = u*p - 1. Let k(m) = -5*m**2 + 2*m - 1. What is k(p)?
-4
Let g be (-1)/4 + (-2)/(-8). Let q be g + 2 + -1 + -16. Let p be 6/q*(9 - -1). Let x(c) = -c - 5. Calculate x(p).
-1
Let v(w) = -4*w**3 - w**2 - w + 5. Let r(h) = 4*h**3 + h**2 + h - 4. Let m(n) = -5*r(n) - 4*v(n). Calculate m(-1).
4
Let s(n) = -n**3 + n + 1. Let f(m) = -3*m**3 + 3*m + 4. Let d(h) = -f(h) + 2*s(h). Let k = -8 - -6. Calculate d(k).
-8
Let k = -8 - -14. Let j be k/(0 + (-9)/12). Let s = -11 - j. Let b(o) = o**3 + 3*o**2 - o. Give b(s).
3
Let x(d) = -5*d**2 - 15*d + 12. Let v(t) = -t**2 - t + 1. Let g(j) = 6*v(j) - x(j). Give g(5).
14
Let z(h) = h**2 - 7*h + 4. Suppose 4*r + r - 5*q - 25 = 0, -4*r + q + 23 = 0. Give z(r).
-2
Let f be (-5)/(-2)*4/5. Let z(v) = v**2 + 3*v + 4. Let l(i) = 3*i**2 + 7*i + 9. Let q(b) = 2*l(b) - 5*z(b).